Is 252967093 a prime number?
False
Is 1959821 a composite number?
False
Is 741782 a prime number?
False
Is 6145679 prime?
False
Is 71984173 a composite number?
False
Is 97528127 a composite number?
False
Is 95524337 a prime number?
True
Is 4745189 a composite number?
False
Is 12756559 a prime number?
False
Is 106459 composite?
True
Is 5336363 prime?
False
Is 39515099 a prime number?
False
Is 4296301 a composite number?
True
Is 3072791 prime?
True
Is 358829069 prime?
True
Is 2912087 prime?
False
Is 73580431 composite?
False
Is 2319133 a prime number?
True
Is 1445426 a composite number?
True
Is 1116371 a prime number?
True
Is 172603421 a prime number?
True
Is 767045689 a composite number?
True
Is 20039905 composite?
True
Is 11895319 a prime number?
True
Is 79086901 a prime number?
False
Is 22285957 a prime number?
True
Is 146819 a composite number?
False
Is 7700197 a composite number?
True
Is 1280789 a composite number?
False
Is 160714919 prime?
True
Is 9963029 composite?
False
Is 48936239 a prime number?
False
Is 1212959 prime?
False
Is 140387815 composite?
True
Is 15225923 composite?
True
Is 6877109 a composite number?
False
Is 2447701 composite?
True
Is 1046609 a prime number?
False
Is 19966217 prime?
True
Is 17764423 a prime number?
False
Is 1186513 a prime number?
False
Is 4937371 prime?
True
Is 175897717 composite?
True
Is 5250121 a composite number?
False
Is 605707385 a composite number?
True
Is 76705283 prime?
True
Is 252377897 a prime number?
True
Is 204139723 prime?
False
Is 1658047 composite?
True
Is 479561 composite?
False
Is 5646379 a composite number?
False
Is 62545334 a prime number?
False
Is 4183471 a composite number?
True
Is 83847373 prime?
True
Is 127454465 prime?
False
Is 10297717 prime?
False
Is 155031787 prime?
True
Is 138499 a composite number?
True
Is 37881211 prime?
False
Is 416387 composite?
False
Is 156051493 prime?
False
Is 13688293 composite?
False
Is 123080885 a prime number?
False
Is 13210667 a prime number?
False
Is 7966831 a prime number?
True
Is 102982279 composite?
True
Is 27814883 composite?
False
Is 339524615 composite?
True
Is 45965677 a composite number?
False
Is 1811405 prime?
False
Is 383693 prime?
True
Is 4599703 composite?
True
Is 91724779 composite?
False
Is 2794381 composite?
True
Is 14566777 a composite number?
False
Is 200564317 a composite number?
True
Is 9568259 a composite number?
False
Is 19108277 a composite number?
False
Is 20728703 composite?
True
Is 41128393 composite?
True
Is 13428523 composite?
True
Is 2009551 composite?
True
Is 16727699 prime?
True
Is 134729129 prime?
True
Is 1251722 a prime number?
False
Is 42193 a prime number?
True
Is 1126079 composite?
True
Is 308383 prime?
True
Is 1066239293 a prime number?
False
Is 577849 composite?
False
Is 13281829 a prime number?
False
Is 178437913 prime?
True
Is 39108409 a composite number?
False
Is 8313755 a composite number?
True
Is 184623763 prime?
True
Is 3189145 a composite number?
True
Is 3679003 prime?
True
Is 32719031 a composite number?
False
Is 59217 composite?
True
Is 45224327 a prime number?
True
Is 31885669 prime?
True
Is 3244669 a composite number?
True
Is 11167591 a prime number?
True
Is 781043 a composite number?
False
Is 103037201 a prime number?
True
Is 4789453 composite?
False
Is 647076433 composite?
True
Is 66262327 a composite number?
True
Is 420901557 composite?
True
Is 30720827 a composite number?
True
Is 5816953 a composite number?
True
Is 701615141 composite?
False
Is 778571 prime?
False
Is 30333497 composite?
False
Is 22726211 prime?
False
Is 193117 prime?
False
Is 44867 a prime number?
True
Is 5650741 composite?
False
Is 84706261 composite?
False
Is 44664857 composite?
False
Is 7276623 composite?
True
Is 36859709 a prime number?
False
Is 8969293 composite?
False
Is 216742991 prime?
False
Is 2718867 a composite number?
True
Is 779761 a composite number?
False
Is 1415681 a prime number?
True
Is 13584863 prime?
True
Is 34926223 a composite number?
False
Is 1733573 composite?
True
Is 197472809 a composite number?
False
Is 103660405 a composite number?
True
Is 202853 prime?
False
Is 17471093 composite?
False
Is 103163755 a prime number?
False
Is 26479987 composite?
True
Is 2330695 prime?
False
Is 41589733 a prime number?
True
Is 21525863 prime?
False
Is 13382627 a composite number?
True
Is 415973 prime?
False
Is 289657 composite?
False
Is 2487923 a composite number?
False
Is 41281 a prime number?
True
Is 36099155 prime?
False
Is 132289519 a composite number?
False
Is 11873431 a composite number?
True
Is 14574343 composite?
True
Is 342340799 a prime number?
True
Is 1615919 a prime number?
True
Is 3902347 prime?
True
Is 25784579 composite?
True
Is 1319999 prime?
False
Is 17211449 a prime number?
True
Is 2425541 prime?
True
Is 2193218 prime?
False
Is 1235150981 prime?
True
Is 2849197 prime?
False
Is 2958331 prime?
True
Is 14470249 prime?
True
Is 32061853 a prime number?
True
Is 376679 a composite number?
False
Is 112989899 a composite number?
True
Is 1046047 a composite number?
False
Is 247237337 composite?
True
Is 22645763 prime?
False
Is 8157427 composite?
True
Is 4151239 a composite number?
False
Is 975883 a prime number?
True
Is 534437314 a prime number?
False
Is 1241733 a prime number?
False
Is 52743731 composite?
False
Is 41909921 prime?
True
Is 1197697 prime?
True
Is 46306457 a composite number?
True
Is 143168167 prime?
True
Is 22759927 a prime number?
False
Is 22041743 prime?
True
Is 3957013 prime?
True
Is 6651397 prime?
True
Is 43913 a composite number?
False
Is 8280149 a composite number?
False
Is 57873727 a prime number?
False
Is 434032901 prime?
False
Is 168876517 composite?
False
Is 1960109 a composite number?
True
Is 11281961 prime?
True
Is 6436739 a composite number?
False
Is 637354351 composite?
False
Is 32317359 composite?
True
Is 4520099 prime?
True
Is 24244471 composite?
True
Is 286417 a composite number?
True
Is 5168887 a composite number?
False
Is 136606007 a composite number?
False
Is 43117 prime?
True
Is 11941817 a prime number?
True
Is 2102699 prime?
False
Is 1349329 a composite number?
True
Is 17524191 a composite number?
True
Is 2757893 prime?
False
Is 69748693 composite?
True
Is 69911923 a prime number?
True
Is 34030807 composite?
False
Is 467908667 prime?
True
Is 6612053 composite?
True
Is 32083273 prime?
False
Is 334045 composite?
True
Is 3172391 composite?
False
Is 11635739 composite?
True
Is 27509 composite?
False
Is 619422313 a composite number?
False
Is 202578643 a composite number?
True
Is 114093667 composite?
False
Is 394241 composite?
False
Is 199049 prime?
True
Is 453560923 prime?
True
Is 24816171 a composite number?
True
Is 594739 a prime number?
True
Is 2835841 composite?
False
Is 84124681 a composite number?
False
Is 475511 a composite number?
False
Is 1467473 prime?
False
Is 2003171 composite?
True
Is 12385217 a composite number?
True
Is 151719587 prime?
True
Is 12345091 a prime number?
False
Is 30150319 composite?
True
Is 13812263 a composite number?
False
Is 2433869 prime?
True
Is 94168037 a composite number?
False
Is 1902379 a composite number?
False
Is 26992213 a composite number?
True
Is 7723379 prime?
True
Is 1450531 a composite number?
False
Is 52327894 a prime number?
False
Is 7951153 composite?
True
Is 4818641 composite?
True
Is 3771887 composite?
True
Is 177587 prime?
False
Is 1403503 a composite number?
True
Is 11859749 a prime number?
False
Is 103088389 composite?
False
Is 8338839 a prime number?
False
Is 61282213 a composite number?
True
Is 2292617 prime?
False
Is 135719 a prime number?
True
Is 2704277 composite?
False
Is 22879247 prime?
True
Is 11841301 composite?
False
Is 12035251 composite?
True
Is 427570783 prime?
True
Is 1537477 a composite number?
True
Is 4321477 prime?
False
Is 12935107 composite?
True
Is 5197513 a composite number?
False
Is 172399 a prime number?
True
Is 2680003 composite?
False
Is 4407769 a composite number?
True
Is 163684877 composite?
True
Is 216615439 a prime number?
True
Is 64634147 a composite number?
True
Is 2871299 prime?
False
Is 14546531 a prime number?
True
Is 188213933 a composite number?
False
Is 1264321 a prime number?
False
Is 69160821 prime?
False
Is 121587913 composite?
True
Is 268141439 a composite number?
True
Is 132650459 a 